mber?
True
Is 158376901 composite?
False
Is 1351019 a composite number?
False
Is 946607 a composite number?
False
Is 4437101 a composite number?
True
Is 422923013 a prime number?
True
Is 59106121 a composite number?
True
Is 6787019 a composite number?
False
Is 16012961 a prime number?
False
Is 45552487 a prime number?
False
Is 2366867 a prime number?
True
Is 19521317 a composite number?
False
Is 22895321 a composite number?
False
Is 23314327 a composite number?
True
Is 2342281 prime?
False
Is 191663 composite?
True
Is 3390337 a composite number?
True
Is 4835203 a prime number?
True
Is 189008033 prime?
True
Is 95504979 a prime number?
False
Is 204550711 a composite number?
False
Is 2093443 a composite number?
True
Is 2984173 a prime number?
False
Is 4548689 composite?
True
Is 4037135 composite?
True
Is 18881999 a composite number?
False
Is 486701603 composite?
False
Is 3406651 a composite number?
True
Is 58461473 a prime number?
False
Is 294271931 composite?
False
Is 144135353 a prime number?
False
Is 4861111 composite?
False
Is 686593 a prime number?
True
Is 15919177 prime?
False
Is 2072677 a prime number?
False
Is 12218821 prime?
True
Is 61608139 a prime number?
False
Is 6649699 composite?
True
Is 277705 prime?
False
Is 11204723 composite?
True
Is 298785913 a prime number?
False
Is 16613963 a composite number?
True
Is 5637563 composite?
False
Is 1997231 a prime number?
True
Is 1163581 composite?
False
Is 23642719 a composite number?
True
Is 8576857 a prime number?
False
Is 2002303 prime?
True
Is 559609 a prime number?
False
Is 5363503 composite?
False
Is 488713 a composite number?
True
Is 2947591 prime?
False
Is 8171455 a composite number?
True
Is 12273671 a composite number?
False
Is 11549719 composite?
True
Is 19373 prime?
True
Is 8021309 composite?
True
Is 3923827 a composite number?
False
Is 3457171 a prime number?
False
Is 9720091 composite?
True
Is 2698043 a prime number?
False
Is 5067317 a composite number?
False
Is 41059601 composite?
True
Is 8552677 a prime number?
False
Is 12661517 prime?
False
Is 3621921 a prime number?
False
Is 9188327 a composite number?
False
Is 13630447 composite?
True
Is 14889751 a prime number?
True
Is 3578123 prime?
False
Is 69233111 a prime number?
True
Is 50543917 a prime number?
True
Is 3098999 prime?
True
Is 485872747 a prime number?
False
Is 13089647 a composite number?
False
Is 24009541 prime?
True
Is 460327 a composite number?
True
Is 45302731 a prime number?
False
Is 109835677 composite?
True
Is 69813559 a prime number?
True
Is 199873 composite?
False
Is 7038419 a prime number?
True
Is 904333 a prime number?
False
Is 28930079 composite?
False
Is 1104949 a composite number?
True
Is 850201 composite?
True
Is 3279589 prime?
False
Is 4918063 composite?
True
Is 35328827 a composite number?
False
Is 47072009 composite?
False
Is 368707 prime?
False
Is 14547653 a prime number?
True
Is 4189165 a prime number?
False
Is 74446187 a composite number?
True
Is 6200443 a prime number?
True
Is 28279715 a composite number?
True
Is 15610423 composite?
True
Is 812921 prime?
True
Is 8568433 a composite number?
False
Is 4905191 a composite number?
True
Is 2536741 a prime number?
False
Is 60116087 composite?
False
Is 195349039 prime?
True
Is 5602295 a prime number?
False
Is 2049198851 prime?
False
Is 1846851 prime?
False
Is 902748283 a prime number?
True
Is 8318981 composite?
True
Is 6637181 a composite number?
False
Is 106144267 a composite number?
False
Is 56697 composite?
True
Is 39575267 prime?
False
Is 2047998157 composite?
False
Is 2816453 prime?
True
Is 10231391 prime?
False
Is 35450231 a composite number?
True
Is 332948719 a prime number?
True
Is 10506407 a composite number?
False
Is 52294729 prime?
False
Is 292237219 prime?
False
Is 5686417 a prime number?
False
Is 2038363 a composite number?
False
Is 8318467 prime?
True
Is 270573279 prime?
False
Is 52376785 a prime number?
False
Is 4041923 prime?
False
Is 6885199 prime?
True
Is 7302149 prime?
True
Is 145042691 a prime number?
False
Is 1328921 a prime number?
False
Is 117120851 composite?
True
Is 11727173 a composite number?
False
Is 660489887 prime?
True
Is 2776899223 prime?
False
Is 7848377 a composite number?
False
Is 1372493 a prime number?
True
Is 270851777 prime?
False
Is 2421049 composite?
True
Is 2372681 a prime number?
True
Is 2667631 a composite number?
False
Is 4118693 prime?
True
Is 328822961 prime?
True
Is 7186033 a composite number?
False
Is 815227 prime?
False
Is 1572398887 composite?
True
Is 29076247 a composite number?
False
Is 6930257 a composite number?
False
Is 180483833 a prime number?
True
Is 314019133 a composite number?
False
Is 8657677 a composite number?
True
Is 571295 a prime number?
False
Is 222442697 a composite number?
True
Is 10762511 a composite number?
False
Is 658783 prime?
True
Is 3879509 a composite number?
False
Is 2011337 a composite number?
True
Is 4890133 a composite number?
False
Is 22601987 a composite number?
False
Is 20015009 composite?
True
Is 40040573 a prime number?
False
Is 107079094 a composite number?
True
Is 306602383 prime?
True
Is 3195469 a prime number?
False
Is 10498139 prime?
True
Is 6106729 composite?
False
Is 350213 prime?
True
Is 504193141 composite?
True
Is 280999597 composite?
False
Is 92207777 composite?
False
Is 1530947 a composite number?
True
Is 40880689 a composite number?
False
Is 211124453 a prime number?
False
Is 23244223 a prime number?
True
Is 144148663 prime?
True
Is 23399473 composite?
False
Is 9330289 a prime number?
True
Is 209679449 composite?
True
Is 2178893 composite?
True
Is 278116963 composite?
False
Is 31923617 a prime number?
False
Is 2936503 prime?
True
Is 5771774 a composite number?
True
Is 4460331 composite?
True
Is 10080331 prime?
True
Is 4163077 composite?
False
Is 12574631 a composite number?
False
Is 17019113 a prime number?
False
Is 16801231 composite?
True
Is 22025527 a prime number?
True
Is 2754853 composite?
True
Is 49456453 a prime number?
True
Is 426342887 composite?
True
Is 6898999 composite?
True
Is 131746369 a composite number?
True
Is 12758167 a composite number?
False
Is 1968961 prime?
False
Is 15066739 a composite number?
False
Is 210719 a prime number?
True
Is 1372829 a prime number?
True
Is 17125573 a composite number?
True
Is 615497 a prime number?
True
Is 309350315 a composite number?
True
Is 6442019 a prime number?
False
Is 997453 a prime number?
True
Is 18371191 a composite number?
True
Is 27475109 a prime number?
True
Is 740689 composite?
True
Is 11003929 a prime number?
True
Is 30827483 composite?
False
Is 378099433 a composite number?
False
Is 100204201 composite?
True
Is 1224029 prime?
True
Is 106560533 prime?
True
Is 2770309 composite?
False
Is 775685 composite?
True
Is 13560397 prime?
False
Is 91075129 a composite number?
True
Is 2590529 prime?
False
Is 26298611 prime?
False
Is 44551813 a prime number?
False
Is 1667403609 composite?
True
Is 22001999 prime?
True
Is 27537443 a composite number?
True
Is 2950169 composite?
True
Is 8149717 composite?
True
Is 26323166 prime?
False
Is 2910449 composite?
False
Is 85641539 a composite number?
True
Is 3959441 composite?
False
Is 121590487 composite?
True
Is 1002311 prime?
False
Is 4890617 a composite number?
False
Is 25471637 composite?
False
Is 6665482 a prime number?
False
Is 6426241 a prime number?
True
Is 29233731 a composite number?
True
Is 8878321 a prime number?
False
Is 389656193 prime?
False
Is 37095587 a composite number?
False
Is 74335483 a composite number?
True
Is 47321509 a composite number?
False
Is 97713197 a prime number?
True
Is 4555183 a prime number?
True
Is 246431569 prime?
True
Is 27163091 prime?
True
Is 1002913 prime?
True
Is 21207533 composite?
False
Is 17783153 a composite number?
True
Is 194609 prime?
True
Is 15029753 prime?
True
Is 257198911 prime?
True
Is 31072091 composite?
False
Is 2960245 prime?
False
Is 10649941 prime?
False
Is 7824671 a prime number?
True
Is 45330527 a composite number?
True
Is 72634189 a composite number?
True
Is 152111231 prime?
False
Is 1654649 composite?
False
Is 5044667 a prime number?
True
Is 262334861 prime?
False
Is 7734459 composite?
True
Is 8179903 composite?
False
Is 116371193 prime?
True
Is 5519377 a composite number?
True
Is 70951561 composite?
F